digit of 12022171?
1
What is the thousands digit of 6153923?
3
What is the hundreds digit of 531212?
2
What is the hundreds digit of 9215119?
1
What is the hundreds digit of 21020?
0
What is the ten thousands digit of 15979064?
7
What is the hundred thousands digit of 134013?
1
What is the ten thousands digit of 246010?
4
What is the units digit of 1508?
8
What is the units digit of 1494429?
9
What is the hundreds digit of 14708654?
6
What is the hundred thousands digit of 426919?
4
What is the tens digit of 6857915?
1
What is the tens digit of 713998?
9
What is the hundreds digit of 5740694?
6
What is the hundreds digit of 158739?
7
What is the hundreds digit of 136724?
7
What is the ten thousands digit of 24989925?
8
What is the ten thousands digit of 14089996?
8
What is the hundreds digit of 1669224?
2
What is the tens digit of 998399?
9
What is the ten thousands digit of 3521576?
2
What is the thousands digit of 50870?
0
What is the ten thousands digit of 180675?
8
What is the thousands digit of 15204984?
4
What is the ten thousands digit of 179098?
7
What is the ten thousands digit of 878086?
7
What is the hundreds digit of 46799?
7
What is the units digit of 5294671?
1
What is the units digit of 515989?
9
What is the ten millions digit of 16819910?
1
What is the hundred thousands digit of 3301157?
3
What is the hundred thousands digit of 513508?
5
What is the hundreds digit of 260411?
4
What is the hundreds digit of 281128?
1
What is the hundred thousands digit of 8409422?
4
What is the hundred thousands digit of 1925567?
9
What is the thousands digit of 416306?
6
What is the units digit of 2722646?
6
What is the units digit of 2973093?
3
What is the hundreds digit of 2692217?
2
What is the ten millions digit of 13970863?
1
What is the tens digit of 1029399?
9
What is the hundreds digit of 22639084?
0
What is the ten thousands digit of 306510?
0
What is the ten thousands digit of 173004?
7
What is the tens digit of 591569?
6
What is the thousands digit of 1582556?
2
What is the ten thousands digit of 654404?
5
What is the thousands digit of 9010363?
0
What is the tens digit of 491795?
9
What is the hundred thousands digit of 202874?
2
What is the thousands digit of 99321?
9
What is the units digit of 15094491?
1
What is the units digit of 4094027?
7
What is the hundred thousands digit of 510889?
5
What is the hundreds digit of 3526824?
8
What is the ten thousands digit of 148576?
4
What is the hundred thousands digit of 377184?
3
What is the ten thousands digit of 272173?
7
What is the hundreds digit of 26383922?
9
What is the hundred thousands digit of 4477653?
4
What is the units digit of 903868?
8
What is the hundreds digit of 27373186?
1
What is the tens digit of 153166?
6
What is the thousands digit of 153632?
3
What is the hundreds digit of 4827294?
2
What is the thousands digit of 2419822?
9
What is the hundreds digit of 513088?
0
What is the tens digit of 8340653?
5
What is the hundreds digit of 4387200?
2
What is the thousands digit of 99052?
9
What is the hundred thousands digit of 440276?
4
What is the hundred thousands digit of 235266?
2
What is the hundreds digit of 1322107?
1
What is the tens digit of 224542?
4
What is the millions digit of 3420097?
3
What is the tens digit of 1729205?
0
What is the thousands digit of 963224?
3
What is the hundreds digit of 67345?
3
What is the units digit of 5134264?
4
What is the hundred thousands digit of 2971194?
9
What is the hundreds digit of 2851721?
7
What is the millions digit of 28595868?
8
What is the hundred thousands digit of 413338?
4
What is the hundred thousands digit of 4589834?
5
What is the ten thousands digit of 1625571?
2
What is the ten thousands digit of 330686?
3
What is the thousands digit of 13214907?
4
What is the hundred thousands digit of 14617975?
6
What is the thousands digit of 8411296?
1
What is the hundred thousands digit of 3519135?
5
What is the hundreds digit of 188953?
9
What is the units digit of 442878?
8
What is the ten thousands digit of 11947150?
4
What is the millions digit of 19830866?
9
What is the hundreds digit of 5381408?
4
What is the hundred thousands digit of 945801?
9
What is the ten thousands digit of 173154?
7
What is the tens digit of 10913?
1
What is the tens digit of 487114?
1
What is the units digit of 185066?
6
What is the tens digit of 13369110?
1
What is the tens digit of 1303079?
7
What is the ten thousands digit of 4052224?
5
What is the millions digit of 6336941?
6
What is the hundreds digit of 551862?
8
What is the hundred thousands digit of 911909?
9
What is the hundred thousands digit of 4953811?
9
What is the ten thousands digit of 218615?
1
What is the hundreds digit of 96077?
0
What is the units digit of 13813315?
5
What is the hundred thousands digit of 6549440?
5
What is the ten thousands digit of 5308805?
0
What is the units digit of 854410?
0
What is the hundreds digit of 750099?
0
What is the hundreds digit of 495957?
9
What is the hundred thousands digit of 1208855?
2
What is the tens digit of 10473001?
0
What is the thousands digit of 3719851?
9
What is the units digit of 231313?
3
What is the tens digit of 743499?
9
What is the units digit of 20980?
0
What is the ten thousands digit of 230368?
3
What is the hundreds digit of 1198805?
8
What is the thousands digit of 21102?
1
What is the hundreds digit of 309198?
1
What is the units digit of 1641212?
2
What is the millions digit of 10585669?
0
What is the units digit of 4849807?
7
What is the thousands digit of 1012133?
2
What is the units digit of 3749973?
3
What is the hundred thousands digit of 5557751?
5
What is the units digit of 9612196?
6
What is the ten thousands digit of 394398?
9
What is the units digit of 696078?
8
What is the units digit of 42965?
5
What is the tens digit of 468636?
3
What is the ten thousands digit of 396875?
9
What is the hundreds digit of 2513884?
8
What is the ten thousands digit of 310140?
1
What is the ten thousands digit of 97693?
9
What is the millions digit of 20244702?
0
What is the tens digit of 45889083?
8
What is the hundreds digit of 409585?
5
What is the hundred thousands digit of 396639?
3
What is the hundred thousands digit of 204637?
2
What is the tens digit of 7296303?
0
What is the hundred thousands digit of 478025?
4
What is the hundred thousands digit of 4531241?
5
What is the ten thousands digit of 408166?
0
What is the thousands digit of 2359188?
9
What is the ten millions digit of 24652062?
2
What is the units digit of 94386?
6
What is the hundred thousands digit of 248416?
2
What is the thousands digit of 17298?
7
What is the hundreds digit of 83630?
6
What is the ten thousands digit of 4818471?
1
What is the thousands digit of 1384034?
4
What is the units digit of 262652?
2
What is the tens digit of 9395000?
0
What is the millions digit of 1197266?
1
What is the units digit of 924237?
7
What is the millions digit of 5394636?
5
What is the units digit of 233830?
0
What is the thousands digit of 250403?
0
What is the millions digit of 4496358?
4
What is the tens digit of 2457432?
3
What is the units digit of 25730?
0
What is the thousands digit of 126037?
6
What is the hundred thousands digit of 345844?
3
What is the millions digit of 3728708?
3
What is the ten millions digit of 13698532?
1
What is the hundreds digit of 350000?
0
What is the units digit of 350443?
3
What is the hundreds digit of 207467?
4
What is the hundred thousands digit of 5931598?
9
What is the thousands digit of 17500?
7
What is the units digit of 600470?
0
What is the hundreds digit of 200277?
2
What is the hundreds digit of 9685360?
3
What is the tens digit of 761404?
0
What is the hundred thousands digit of 1358291?
3
What is the tens digit of 498325?
2
What is the thousands digit of 406036?
6
What is the thousands digit of 3265294?
5
What is the tens digit of 406593?
9
What is the ten thousands digit of 373053?
7
What is the hundreds digit of 6386214?
2
What is the hundreds digit of 1871434?
4
What is the units digit of 3374381?
1
What is the hundred thousands digit of 506926?
5
What is the ten thousands digit of 16499?
1
What is the hundred thousands digit of 298075?
2
What is the tens digit of 17166398?
9
What is the thousands 